35) + -7 + 1 + 0?
-58
Calculate 6 + 1 - ((2 - -54) + (68 - 38 - 26)).
-53
Evaluate -1 + (-78 - (43 + -31)) - (2 + -6).
-87
Evaluate (2 + -3 - -6) + 11 + 22.
38
Evaluate -793 - -790 - (-10 - 13).
20
What is (-61 - -1) + (3592 - 3556)?
-24
What is the value of 41 + 50 + -49 + -82?
-40
What is the value of -2 + 6 + (-38 - -37) - (-26 - 24)?
53
Evaluate (-20 - (3 + -7)) + (79 - (24 - -11)).
28
Calculate -21 + (57 - (18 - 10)) - (2 - 11).
37
What is the value of 91 + (-28 - 37) - -15?
41
-75 + (-26 - 47) + 125
-23
Evaluate (-42 - -37 - -31) + -25 + -98 - (-1 + 6).
-102
What is the value of -20 - 53 - (-5 - -25) - (-22 - -2)?
-73
What is the value of 129 - 176 - ((4 - -1 - -1) + -18)?
-35
What is -84 + 80 - (7 - 8 - -9)?
-12
Evaluate -28 + 13 + 35 + -28 - (10 - -1 - -2).
-21
Calculate 18 - (103 - 3 - (242 + -227)).
-67
What is 6 + -155 - (31 + 1 + -28 - (-1 - -13))?
-141
What is the value of (22 - -33 - 19) + -59?
-23
(5 - 0) + (40 + -20 - 36 - 4) + -6
-21
Calculate (8 - -3) + -3 + (24 - 18).
14
Evaluate (-15 - (19 - 19 - -3 - 37)) + -7.
12
What is the value of (25 - 0) + 20 + (-195 - -165)?
15
Calculate -34084 - -34125 - (-1 + 19 + -1).
24
Calculate (-27 - 151) + 74 + 149.
45
Evaluate -1 + -13 + (324 - 332) + 3 + -65.
-84
Evaluate 23 + (-14 - 1 - (156 - 129)).
-19
What is the value of 23 + (38 - 56) + -26?
-21
What is 6 - (-15 - (-25 - 3)) - (-130 + 22)?
101
What is -2 + 2 - 6 - (50 - -88 - 95)?
-49
Calculate (-44 - 30) + (3 - -31) - -10.
-30
1 + -29 + (-133 - -174) - 54
-41
What is the value of (3 + -80 - -3) + -634 + 651?
-57
What is (3 + -8 - (-68 + 31 + 38)) + -133?
-139
-8 + -20 - (-6 - (1 + 8 + -2))
-15
What is the value of (-2 - -14) + (1 - (-9 + (-32 - -12) + 16))?
26
What is (40 - (29 + -1 + 652 + -656)) + -120?
-104
18 - (18 + 76 + -115)
39
0 + -9 - ((35 - 4) + -1 + 6)
-45
Evaluate 1 + -77 - (-58 - 174 - -252).
-96
Evaluate (-64 - (-156 - -90)) + 3 + (2 - 142).
-135
Evaluate (67 - 4 - (48 - 68)) + -15 - 19.
49
What is the value of (8 + 4 - (-15 + 18)) + 23 + -27 - 49?
-44
(3 - 6 - 20) + (1232 - 1248)
-39
What is the value of (-71 - -39 - 6) + 89?
51
What is (-121 - (9 + -24)) + (18 - 18)?
-106
Calculate -4 + 3 - 1 - (-144 - -387 - 158).
-87
What is -5 + 45 + -140 + (-53 - -27)?
-126
What is the value of (20 + 0 - 2 - (1162 - 1152)) + (3 - 0)?
11
Calculate 4 + -2 + (-16 + 1 - (6 + 4)).
-23
Evaluate 4 - -4 - (41 + (-28 - -2)) - -23.
16
Evaluate (-19 - (93 - 9) - 19) + 15 + 7.
-100
1 + -85 - (44 - 77)
-51
-24 + 0 + (68 - 81) + 25
-12
-16 + (33 - 22 - 31)
-36
5256 - 5194 - (144 - 1)
-81
What is -111 + 139 + -89 - -133?
72
What is the value of -13 - (9 + (-9 - (32 + (0 - 8)))) - 45?
-34
What is -29 + 90 - 21 - 24 - (-3 - -92)?
-73
What is the value of -13 + 19 + 3 + -90 + 7 + 2?
-72
What is (-23 + 69 - (10 - -1 - -2)) + -8?
25
Evaluate -26 + (19 - (34 + -18) - 2).
-25
Evaluate -100 + (81 - 30) - -61.
12
What is 3 + (-9 + -13 - -12) + -33 + 28?
-12
What is (-6 - -11) + -16 - (139 + -139)?
-11
What is 18 + -1 + 2 + 0 - (9027 - 9037)?
29
What is (1 - 0 - (109 + -104)) + -53?
-57
Evaluate -58 + (-34 - (66 - 76)).
-82
Evaluate 49 - 188 - -71 - -45.
-23
What is (52 - -9) + (-366 - -359)?
54
What is 1 + -116 - (16 + 155 + -196)?
-90
Calculate 6 + (3 - (4 + 2)) + -93 + (59 - 38).
-69
Evaluate 22 - (-33 - -55) - 12.
-12
Calculate (64 - -15) + -27 - (15 - -4).
33
Evaluate -439 + 396 + 92 + -1 + -14 + -1.
33
46 + -18 + -118 - -65
-25
What is -11 + (1 - (-74 - 0) - (-493 - -486))?
71
What is the value of (64 - (19 + 2 + -74 + 62)) + -11?
44
What is 40 + -31 + 71 - -3?
83
Calculate -22 - (-44 + 0 - (-95 + 88)).
15
Calculate 17 + ((7 - (1 + 17)) + 20 - -19).
45
What is -21 + 4 + 7 - (-2 + -1 + 0 + 11)?
-18
What is -1 - -2 - (-2 - -24) - (-824 + 829)?
-26
Evaluate (127 - 48 - 146) + 97.
30
-28 + 74 + -121 + 119
44
Calculate (1 - 61) + (-65 - -18 - -50) + -12.
-69
-6 + -5 + -124 + -9 + -6 + 10 + 9
-131
What is the value of (38 + -18 + -12 - 10) + 13?
11
What is -35 + (-10 - (18 - 40)) + -16 + -1?
-40
2 - (28 + 1 - -2) - (-57 + (31 - -26))
-29
What is -17 - -7 - (-33 + -10 + 32) - 94?
-93
-13 - ((40 - 36) + 29)
-46
Evaluate 15 + 12 + (-10 - -1) + -56 - (-4 + -3).
-31
What is the value of 1 - (87 + -13) - -44?
-29
Evaluate -135 + 59 + 116 - (-3 + -3 + 3).
43
What is the value of -22 - ((-8 - -11) + (-65 - -23))?
17
Calculate 5 + (-1 - 9) - 8 - -20.
7
What is -98 - (-83 - (-78 - -48))?
-45
-5429 + 5410 - (85 + (2 - (-3 - -5)))
-104
(-49 - 2) + 12 + -16 - (2419 - 2437)
-37
What is the value of 34 + (2 - 22 - -35) + -23?
26
Evaluate (-24 - ((-10 - 20) + 65)) + 15.
-44
-2 - ((5 - ((14 - 12) + -19)) + -78)
54
What is -1 + -76 - (11 + 11 + (129 - 171))?
-57
Evaluate (41 - (-116 + 47)) + -70.
40
Calculate -80 - -78 - (11 - (0 + 4) - 114).
105
What is the value of 13 - (-50 + 43 + -8)?
28
Calculate (-4 + (12 - 8) - 18) + -69.
-87
What is the value of 28 + (-105 - (19 - 44))?
-52
What is the value of 6 + (-20 - -1) + 1772 + -1788?
-29
What is -4 - -4 - -4 - (2 - 12) - 51?
-37
12 - (-34 - (-35 + 33 + 4))
48
Calculate 53 - (-23 - -83) - -94.
87
Evaluate 71 + -64 + -11 - ((65 - -3) + -2).
-70
What is the value of (-86 - -136) + (-32 - 11)?
7
(-6 + 1 - -1) + (54 - (5 - -36)) - 93
-84
28 - -19 - (4 - (21 + -18 - -15))
61
Calculate -93 - -1 - (5512 - 5551).
-53
Evaluate -91 - (-216 - -154 - -100).
-129
What is (-39 - -62) + -18 + 0 - -1?
6
Evaluate (82 - 65) + 5 + 36 + 5.
63
Calculate (-8 - -57) + (27 - 54).
22
Calculate 1201 + -1109 + (6 - 165).
-67
What is 40 - 63 - (38 - 28 - -2)?
-35
(33 + -15 + -5 - 14) + (6 - -3)
8
What is (-31 - -3 - -17) + 10 + -12?
-13
What is (1 + 12 - 13 - (10 + 1)) + 29 - 14?
4
What is the value of 4 + (-92 + -2 + -2 - (15 - 20)) + 13?
-74
Calculate 90 - (48 + 10) - (3 - (-1 - -1)).
29
What is -69 - -203 - 74 - 130?
-70
13 + -1 + 8 + -2 + (10 - (0 + 9))
19
Evaluate -56 + 4 + -5 - (3435 - 3454).
-38
Evaluate -4 + (43 - (26 + (-12 - (-3 - -12)))).
34
Evaluate 55 + (-51 - -7 - 7).
4
What is the value of -14 + 6 + (17 - 2 - 0) + (-5 - -40)?
42
What is the value of 53 - 1 - -1 - (-7 - (26 - 36))?
50
Calculate 35 - ((0 - -8) + (-25 - -30) + 13 + -14).
23
What is the value of 11 + (14 + (-33 + -19 - (-14 + 2)) - 1)?
-16
What is the value of -1 + -2 - (68 + 253 + -308)?
-16
Evaluate 0 - -3 - (4 - (96 + -34 + 7)).
68
Evaluate (-20 - 5) + 84 + -67.
-8
102 + 2 - (-2957 - -3085)
-24
89 + 12 + -62 + -34
5
Evaluate -42 + 7 - ((22 - 30 - 12) + 6 + 2).
-23
Calculate 2 + (-9 - -16) + -1 + (7 - (-15 - -47)).
-17
Calculate (34 - 7) + -24 + -42.
-39
What is the value of -89 + 66 - ((2 - 1) + -4 + -15)?
-5
What is 131 - (145 - (-8 + 68))?
46
Calculate 19 - (93 - 89) - (-1 - -18) - (-32 + 0).
30
What is (-117 - (162 + -218)) + -18?
-79
What is the value of 183 + -117 + (-34 - (-4 - -2))?
34
2 + (-4 - -5) - -4 - (866 + -868)
9
11 - 0 - (13 + -18) - -20
36
Evaluate -1 + -4 + (72 - -33) + -150.
-50
-2 + (1 - 3) - (82 + -72) - -48
34
Evaluate 8 - (14 - 21 - (4 - (3 + 16 + 2))).
-2
What is the value of (-6 - -2) + -1 - (-5 + (-30 - (-39 - -21)))?
12
-37 - (-34 + -64 + 41)
20
What is 1 + 27 - (-2383 + 2429)?
-18
Evaluate -61 + 125 + (-5 + -3 - -45).
101
Evaluate 54 - 1 - (76 - (-181 - -238)).
34
Calculate -61 - (-59 + 7 + 11).
-20
80 - (18 + -20 + 46)
36
What is (-63 - -98) + -178 - (1 + -6 - 0)?
-138
What is 2 + -8 + (-41 - -78) + -63?
-32
(2 - 43) + 0 - (13 + (-41 - 2 - -23))
-34
Calculate (-64 - -3) + (-14 - (-19 + 23 - 27)).
-52
What is -1 + 11 + (33 - -1 - (-354 + 350))?
48
What is -17 + 13 - -39 - (-26 + -2)?
63
Calculate -71 - -2 - (3979 + -4067).
19
Calculate 18 + -19 - (1 + 4 - (-7 + 78)).
65
What is -221 - (94 + -181 - 54)?
-80
Evaluate -48 - (16 - (1 - 9 - 9)).
-81
(-11 - -25) + (-48 - 17) + 22
-29
Evaluate -15 - (-97 - -29 - (9 - (9 + -11))).
64
What is the value of (8 + -4 + -6 - (7 - 12 - 1)) + -49?
-45
What is the value of -83 - (36 + 23 + -53)?
-89
What is the value of -3 - (1 - (3 + 20 + -13 + (6 - 3)))?
9
Calculate 0 + 0 - (12 + 0) - (-74 - 108 - -93).
77
What is -11 - 3 - (135 - 127)?
-22
-19 + 57 - 50 - -20
8
What is (-80 - (6 - 0)) + (-45 - -55) - -8?
-68
-40 + (-8 - (23 - 6)) + 5
-60
What is -9 - (-50 + 47 + -57)?
51
6 + 40 + 71 + -94
23
What is (-2 - (-23 - -13)) + -3 + -19 - (-1 + 134)?
-147
Evaluate -118 + 17 + 4 - -56.
-41
Evaluate 22 - ((-52 -